e units digit of 860?
0
What is the hundreds digit of 534?
5
What is the tens digit of 1269?
6
What is the tens digit of 1912?
1
What is the tens digit of 82767?
6
What is the units digit of 3490?
0
What is the tens digit of 151?
5
What is the units digit of 37651?
1
What is the tens digit of 763?
6
What is the tens digit of 34592?
9
What is the tens digit of 15953?
5
What is the hundreds digit of 2156?
1
What is the hundreds digit of 27781?
7
What is the thousands digit of 7911?
7
What is the ten thousands digit of 67897?
6
What is the units digit of 568?
8
What is the units digit of 46689?
9
What is the units digit of 155969?
9
What is the thousands digit of 147395?
7
What is the thousands digit of 55894?
5
What is the thousands digit of 1177?
1
What is the thousands digit of 26854?
6
What is the tens digit of 965?
6
What is the hundreds digit of 3911?
9
What is the thousands digit of 122096?
2
What is the hundreds digit of 11219?
2
What is the units digit of 3591?
1
What is the thousands digit of 27498?
7
What is the hundreds digit of 28230?
2
What is the units digit of 1247?
7
What is the ten thousands digit of 15590?
1
What is the thousands digit of 1346?
1
What is the units digit of 64757?
7
What is the thousands digit of 22238?
2
What is the thousands digit of 67944?
7
What is the units digit of 482?
2
What is the hundreds digit of 2131?
1
What is the tens digit of 190?
9
What is the hundreds digit of 842?
8
What is the hundreds digit of 5425?
4
What is the thousands digit of 57204?
7
What is the ten thousands digit of 13870?
1
What is the thousands digit of 5240?
5
What is the thousands digit of 64911?
4
What is the tens digit of 327?
2
What is the thousands digit of 13446?
3
What is the units digit of 984?
4
What is the tens digit of 22179?
7
What is the hundreds digit of 1321?
3
What is the thousands digit of 3220?
3
What is the ten thousands digit of 33182?
3
What is the hundreds digit of 2898?
8
What is the tens digit of 25424?
2
What is the tens digit of 2201?
0
What is the units digit of 2275?
5
What is the units digit of 26926?
6
What is the tens digit of 1236?
3
What is the ten thousands digit of 55170?
5
What is the tens digit of 4346?
4
What is the hundreds digit of 138852?
8
What is the tens digit of 2478?
7
What is the tens digit of 5195?
9
What is the thousands digit of 9071?
9
What is the thousands digit of 19561?
9
What is the tens digit of 4261?
6
What is the tens digit of 35130?
3
What is the tens digit of 23913?
1
What is the units digit of 410?
0
What is the units digit of 4668?
8
What is the hundreds digit of 10184?
1
What is the tens digit of 158882?
8
What is the thousands digit of 66380?
6
What is the units digit of 34178?
8
What is the units digit of 21761?
1
What is the tens digit of 6345?
4
What is the units digit of 7772?
2
What is the hundreds digit of 1442?
4
What is the tens digit of 578?
7
What is the tens digit of 3056?
5
What is the tens digit of 1522?
2
What is the hundreds digit of 957?
9
What is the tens digit of 21449?
4
What is the tens digit of 26061?
6
What is the tens digit of 17463?
6
What is the ten thousands digit of 88844?
8
What is the units digit of 1256?
6
What is the units digit of 3772?
2
What is the units digit of 14642?
2
What is the tens digit of 2043?
4
What is the units digit of 4539?
9
What is the units digit of 88899?
9
What is the thousands digit of 1296?
1
What is the thousands digit of 31420?
1
What is the units digit of 2012?
2
What is the ten thousands digit of 62409?
6
What is the units digit of 7586?
6
What is the thousands digit of 145544?
5
What is the tens digit of 9057?
5
What is the thousands digit of 43707?
3
What is the thousands digit of 12589?
2
What is the tens digit of 3925?
2
What is the thousands digit of 3812?
3
What is the tens digit of 435?
3
What is the hundreds digit of 18589?
5
What is the units digit of 720?
0
What is the units digit of 24841?
1
What is the thousands digit of 43150?
3
What is the hundreds digit of 25662?
6
What is the tens digit of 2542?
4
What is the hundreds digit of 467?
4
What is the units digit of 66?
6
What is the thousands digit of 3169?
3
What is the tens digit of 6250?
5
What is the tens digit of 3926?
2
What is the hundreds digit of 586?
5
What is the tens digit of 497?
9
What is the units digit of 805?
5
What is the ten thousands digit of 40520?
4
What is the tens digit of 57980?
8
What is the units digit of 37428?
8
What is the tens digit of 631?
3
What is the hundreds digit of 8513?
5
What is the tens digit of 1683?
8
What is the ten thousands digit of 23671?
2
What is the hundreds digit of 830?
8
What is the ten thousands digit of 33719?
3
What is the ten thousands digit of 24629?
2
What is the tens digit of 29157?
5
What is the units digit of 92?
2
What is the thousands digit of 34130?
4
What is the thousands digit of 38222?
8
What is the thousands digit of 4770?
4
What is the units digit of 2453?
3
What is the hundreds digit of 2658?
6
What is the tens digit of 50551?
5
What is the units digit of 62781?
1
What is the units digit of 803?
3
What is the ten thousands digit of 50690?
5
What is the tens digit of 46464?
6
What is the tens digit of 5536?
3
What is the hundreds digit of 15519?
5
What is the hundreds digit of 987?
9
What is the tens digit of 12?
1
What is the hundreds digit of 16774?
7
What is the hundreds digit of 10011?
0
What is the hundreds digit of 803?
8
What is the hundreds digit of 6665?
6
What is the tens digit of 5603?
0
What is the thousands digit of 12645?
2
What is the thousands digit of 5182?
5
What is the tens digit of 1165?
6
What is the tens digit of 4723?
2
What is the hundreds digit of 13410?
4
What is the tens digit of 3376?
7
What is the units digit of 1431?
1
What is the thousands digit of 8235?
8
What is the hundreds digit of 3712?
7
What is the thousands digit of 1852?
1
What is the hundreds digit of 269?
2
What is the units digit of 5339?
9
What is the thousands digit of 1015?
1
What is the hundreds digit of 184?
1
What is the ten thousands digit of 12273?
1
What is the thousands digit of 5852?
5
What is the hundred thousands digit of 167878?
1
What is the tens digit of 4184?
8
What is the hundreds digit of 9814?
8
What is the units digit of 60749?
9
What is the hundreds digit of 711?
7
What is the hundreds digit of 3727?
7
What is the units digit of 1446?
6
What is the ten thousands digit of 42051?
4
What is the thousands digit of 8106?
8
What is the thousands digit of 3136?
3
What is the units digit of 11976?
6
What is the tens digit of 1536?
3
What is the ten thousands digit of 14556?
1
What is the hundreds digit of 536?
5
What is the hundreds digit of 6240?
2
What is the tens digit of 2417?
1
What is the units digit of 5761?
1
What is the hundreds digit of 419?
4
What is the hundreds digit of 2660?
6
What is the thousands digit of 2998?
2
What is the thousands digit of 39125?
9
What is the ten thousands digit of 39930?
3
What is the ten thousands digit of 117786?
1
What is the tens digit of 2187?
8
What is the units digit of 898?
8
What is the ten thousands digit of 22697?
2
What is the hundreds digit of 3156?
1
What is the units digit of 531?
1
What is the units digit of 2279?
9
What is the units digit of 1062?
2
What is the ten thousands digit of 41573?
4
What is the tens digit of 872?
7
What is the thousands digit of 1714?
1
What is the units digit of 729?
9
What is the units digit of 117452?
2
What is the units digit of 782?
2
What is the units digit of 3729?
9
What is the hundreds digit of 3943?
9
What is the tens digit of 68085?
8
What is the ten thousands digit of 120567?
2
What is the units digit of 656?
6
What is the tens digit of 1207?
0
What is the units digit of 646?
6
What is the thousands digit of 7608?
7
What is the hundreds digit of 4566?
5
What is the units digit of 186481?
1
What is the units digit of 27629?
9
What is the units digit of 59246?
6
What is the hundreds digit of 11679?
6
What is the units digit of 25757?
7
What is the tens digit of 3339?
3
What is the thousands digit of 36591?
6
What is the tens digit of 33798?
9
What is the tens digit of 739?
3
What is the hundreds digit of 825?
8
What is the hundreds digit of 19972?
9
What is the units digit of 41